{"id":6966,"date":"2022-11-27T15:42:43","date_gmt":"2022-11-27T14:42:43","guid":{"rendered":"https:\/\/propervia.pl\/?page_id=6966"},"modified":"2023-11-05T20:54:10","modified_gmt":"2023-11-05T19:54:10","slug":"nowy-rok-2023-jak-go-dobrze-zaczac","status":"publish","type":"page","link":"https:\/\/propervia.pl\/?page_id=6966","title":{"rendered":"Nowy Rok 2023 &#8211; jak go dobrze zacz\u0105\u0107?"},"content":{"rendered":"\t\t<div data-elementor-type=\"wp-page\" data-elementor-id=\"6966\" class=\"elementor elementor-6966\">\n\t\t\t\t\t\t<section class=\"elementor-section elementor-top-section elementor-element elementor-element-4d53a474 elementor-section-stretched elementor-section-boxed elementor-section-height-default elementor-section-height-default\" data-id=\"4d53a474\" data-element_type=\"section\" data-e-type=\"section\" data-settings=\"{&quot;stretch_section&quot;:&quot;section-stretched&quot;}\">\n\t\t\t\t\t\t<div class=\"elementor-container elementor-column-gap-default\">\n\t\t\t\t\t<div class=\"elementor-column elementor-col-100 elementor-top-column elementor-element elementor-element-2aed0fd1\" data-id=\"2aed0fd1\" data-element_type=\"column\" data-e-type=\"column\">\n\t\t\t<div class=\"elementor-widget-wrap elementor-element-populated\">\n\t\t\t\t\t\t<div class=\"elementor-element elementor-element-3e1d3862 elementor-widget elementor-widget-heading\" data-id=\"3e1d3862\" data-element_type=\"widget\" data-e-type=\"widget\" data-widget_type=\"heading.default\">\n\t\t\t\t<div class=\"elementor-widget-container\">\n\t\t\t\t\t<h2 class=\"elementor-heading-title elementor-size-default\">Nowy Rok 2023 - jak go dobrze zacz\u0105\u0107?<\/h2>\t\t\t\t<\/div>\n\t\t\t\t<\/div>\n\t\t\t\t\t<\/div>\n\t\t<\/div>\n\t\t\t\t\t<\/div>\n\t\t<\/section>\n\t\t\t\t<section class=\"elementor-section elementor-top-section elementor-element elementor-element-753a057f elementor-section-stretched elementor-section-boxed elementor-section-height-default elementor-section-height-default\" data-id=\"753a057f\" data-element_type=\"section\" data-e-type=\"section\" data-settings=\"{&quot;stretch_section&quot;:&quot;section-stretched&quot;}\">\n\t\t\t\t\t\t<div class=\"elementor-container elementor-column-gap-default\">\n\t\t\t\t\t<div class=\"elementor-column elementor-col-100 elementor-top-column elementor-element elementor-element-35fd6af0\" data-id=\"35fd6af0\" data-element_type=\"column\" data-e-type=\"column\">\n\t\t\t<div class=\"elementor-widget-wrap elementor-element-populated\">\n\t\t\t\t\t\t<div class=\"elementor-element elementor-element-191d948c elementor-widget elementor-widget-text-editor\" data-id=\"191d948c\" data-element_type=\"widget\" data-e-type=\"widget\" data-widget_type=\"text-editor.default\">\n\t\t\t\t<div class=\"elementor-widget-container\">\n\t\t\t\t\t\t\t\t\t<p><strong>Jak sprawi\u0107, aby frustracja z przesz\u0142o\u015bci nie prze\u0142o\u017cy\u0142a si\u0119 na przysz\u0142o\u015b\u0107?\u00a0<\/strong>Innymi s\u0142owy, jak zako\u0144czy\u0107 jeden etap z satysfakcj\u0105 i i\u015b\u0107 dalej bez baga\u017cu pora\u017cki?<\/p><p>Celowo na koniec roku, aby u\u0142atwi\u0107 Ci zamkni\u0119cie minionego roku z refleksj\u0105 a nie z narzekaniem i niezadowoleniem, \u017ce znowu co\u015b posz\u0142o nie tak, zapraszamy Ci\u0119 na warsztaty, kt\u00f3re Ci w tym pomog\u0105.\u00a0Planowa\u0142a\u015b\/e\u015b inaczej, okoliczno\u015bci Ci\u0119 zaskoczy\u0142y, co\u015b nie wysz\u0142o, co\u015b zrobi\u0142a\u015b\/e\u015b inaczej, czego\u015b nie uda\u0142o si\u0119 zrobi\u0107&#8230;<\/p><p>Pami\u0119taj, \u017ce uczenie si\u0119 na w\u0142asnych b\u0142\u0119dach jest istot\u0105 naszego rozwoju, d\u0105\u017cenie do idea\u0142u bardzo m\u0119czy, a bycie dobrym jest wystarczaj\u0105ce.<\/p><p>Brzmi ciekawie?\u00a0Zapraszamy, zapisz si\u0119 ju\u017c dzi\u015b:\u00a0<\/p><p><blockquote class=\"wp-embedded-content\" data-secret=\"oJZspIsg1a\"><a href=\"https:\/\/propervia.pl\/?page_id=62\">Dane kontaktowe<\/a><\/blockquote><iframe class=\"wp-embedded-content\" sandbox=\"allow-scripts\" security=\"restricted\" style=\"position: absolute; clip: rect(1px, 1px, 1px, 1px);\" title=\"&#8222;Dane kontaktowe&#8221; &#8212; PROPER VIA\" src=\"https:\/\/propervia.pl\/?page_id=62&#038;embed=true#?secret=wP2nlpKKC1#?secret=oJZspIsg1a\" data-secret=\"oJZspIsg1a\" width=\"600\" height=\"338\" frameborder=\"0\" marginwidth=\"0\" marginheight=\"0\" scrolling=\"no\"><\/iframe><\/p>\t\t\t\t\t\t\t\t<\/div>\n\t\t\t\t<\/div>\n\t\t\t\t\t<\/div>\n\t\t<\/div>\n\t\t\t\t\t<\/div>\n\t\t<\/section>\n\t\t\t\t<section class=\"elementor-section elementor-top-section elementor-element elementor-element-6ae899fd elementor-section-stretched elementor-section-boxed elementor-section-height-default elementor-section-height-default\" data-id=\"6ae899fd\" data-element_type=\"section\" data-e-type=\"section\" data-settings=\"{&quot;stretch_section&quot;:&quot;section-stretched&quot;}\">\n\t\t\t\t\t\t<div class=\"elementor-container elementor-column-gap-default\">\n\t\t\t\t\t<div class=\"elementor-column elementor-col-50 elementor-top-column elementor-element elementor-element-25c6fb02\" data-id=\"25c6fb02\" data-element_type=\"column\" data-e-type=\"column\">\n\t\t\t<div class=\"elementor-widget-wrap elementor-element-populated\">\n\t\t\t\t\t\t<div class=\"elementor-element elementor-element-3605f87a elementor-widget elementor-widget-image\" data-id=\"3605f87a\" data-element_type=\"widget\" data-e-type=\"widget\" data-widget_type=\"image.default\">\n\t\t\t\t<div class=\"elementor-widget-container\">\n\t\t\t\t\t\t\t\t\t\t\t\t\t\t\t<img fetchpriority=\"high\" decoding=\"async\" width=\"1240\" height=\"1240\" src=\"https:\/\/propervia.pl\/wp-content\/uploads\/2022\/11\/warsztaty_noworoczne_ulotka-strona-1.png\" class=\"attachment-2048x2048 size-2048x2048 wp-image-6970\" alt=\"\" srcset=\"https:\/\/propervia.pl\/wp-content\/uploads\/2022\/11\/warsztaty_noworoczne_ulotka-strona-1.png 1240w, https:\/\/propervia.pl\/wp-content\/uploads\/2022\/11\/warsztaty_noworoczne_ulotka-strona-1-300x300.png 300w, https:\/\/propervia.pl\/wp-content\/uploads\/2022\/11\/warsztaty_noworoczne_ulotka-strona-1-1024x1024.png 1024w, https:\/\/propervia.pl\/wp-content\/uploads\/2022\/11\/warsztaty_noworoczne_ulotka-strona-1-150x150.png 150w, https:\/\/propervia.pl\/wp-content\/uploads\/2022\/11\/warsztaty_noworoczne_ulotka-strona-1-768x768.png 768w\" sizes=\"(max-width: 1240px) 100vw, 1240px\" \/>\t\t\t\t\t\t\t\t\t\t\t\t\t\t\t<\/div>\n\t\t\t\t<\/div>\n\t\t\t\t\t<\/div>\n\t\t<\/div>\n\t\t\t\t<div class=\"elementor-column elementor-col-50 elementor-top-column elementor-element elementor-element-6120b296\" data-id=\"6120b296\" data-element_type=\"column\" data-e-type=\"column\">\n\t\t\t<div class=\"elementor-widget-wrap elementor-element-populated\">\n\t\t\t\t\t\t<div class=\"elementor-element elementor-element-2c4eef96 elementor-widget elementor-widget-image\" data-id=\"2c4eef96\" data-element_type=\"widget\" data-e-type=\"widget\" data-widget_type=\"image.default\">\n\t\t\t\t<div class=\"elementor-widget-container\">\n\t\t\t\t\t\t\t\t\t\t\t\t\t\t\t<img decoding=\"async\" width=\"1240\" height=\"1240\" src=\"https:\/\/propervia.pl\/wp-content\/uploads\/2022\/11\/warsztaty_noworoczne_ulotka-strona-2.png\" class=\"attachment-2048x2048 size-2048x2048 wp-image-6971\" alt=\"\" srcset=\"https:\/\/propervia.pl\/wp-content\/uploads\/2022\/11\/warsztaty_noworoczne_ulotka-strona-2.png 1240w, https:\/\/propervia.pl\/wp-content\/uploads\/2022\/11\/warsztaty_noworoczne_ulotka-strona-2-300x300.png 300w, https:\/\/propervia.pl\/wp-content\/uploads\/2022\/11\/warsztaty_noworoczne_ulotka-strona-2-1024x1024.png 1024w, https:\/\/propervia.pl\/wp-content\/uploads\/2022\/11\/warsztaty_noworoczne_ulotka-strona-2-150x150.png 150w, https:\/\/propervia.pl\/wp-content\/uploads\/2022\/11\/warsztaty_noworoczne_ulotka-strona-2-768x768.png 768w\" sizes=\"(max-width: 1240px) 100vw, 1240px\" \/>\t\t\t\t\t\t\t\t\t\t\t\t\t\t\t<\/div>\n\t\t\t\t<\/div>\n\t\t\t\t\t<\/div>\n\t\t<\/div>\n\t\t\t\t\t<\/div>\n\t\t<\/section>\n\t\t\t\t<section class=\"elementor-section elementor-top-section elementor-element elementor-element-5513e968 elementor-section-stretched elementor-section-boxed elementor-section-height-default elementor-section-height-default\" data-id=\"5513e968\" data-element_type=\"section\" data-e-type=\"section\" data-settings=\"{&quot;stretch_section&quot;:&quot;section-stretched&quot;}\">\n\t\t\t\t\t\t<div class=\"elementor-container elementor-column-gap-default\">\n\t\t\t\t\t<div class=\"elementor-column elementor-col-100 elementor-top-column elementor-element elementor-element-2920b7f7\" data-id=\"2920b7f7\" data-element_type=\"column\" data-e-type=\"column\">\n\t\t\t<div class=\"elementor-widget-wrap elementor-element-populated\">\n\t\t\t\t\t\t<div class=\"elementor-element elementor-element-2a0347d0 elementor-align-center elementor-widget elementor-widget-button\" data-id=\"2a0347d0\" data-element_type=\"widget\" data-e-type=\"widget\" data-widget_type=\"button.default\">\n\t\t\t\t<div class=\"elementor-widget-container\">\n\t\t\t\t\t\t\t\t\t<div class=\"elementor-button-wrapper\">\n\t\t\t\t\t<a class=\"elementor-button elementor-button-link elementor-size-sm\" href=\"https:\/\/propervia.pl\/?page_id=4462\">\n\t\t\t\t\t\t<span class=\"elementor-button-content-wrapper\">\n\t\t\t\t\t\t\t\t\t<span class=\"elementor-button-text\">Powr\u00f3t do listy warsztat\u00f3w zrealizowanych<\/span>\n\t\t\t\t\t<\/span>\n\t\t\t\t\t<\/a>\n\t\t\t\t<\/div>\n\t\t\t\t\t\t\t\t<\/div>\n\t\t\t\t<\/div>\n\t\t\t\t\t<\/div>\n\t\t<\/div>\n\t\t\t\t\t<\/div>\n\t\t<\/section>\n\t\t\t\t<\/div>\n\t\t","protected":false},"excerpt":{"rendered":"<p>Nowy Rok 2023 &#8211; jak go dobrze zacz\u0105\u0107? Jak sprawi\u0107, aby frustracja z przesz\u0142o\u015bci nie prze\u0142o\u017cy\u0142a si\u0119 na przysz\u0142o\u015b\u0107?\u00a0Innymi s\u0142owy, jak zako\u0144czy\u0107 jeden etap z satysfakcj\u0105 i i\u015b\u0107 dalej bez baga\u017cu pora\u017cki? Celowo na koniec roku, aby u\u0142atwi\u0107 Ci zamkni\u0119cie minionego roku z refleksj\u0105 a nie z narzekaniem i niezadowoleniem, \u017ce znowu co\u015b posz\u0142o nie [&hellip;]<\/p>\n","protected":false},"author":1,"featured_media":0,"parent":4462,"menu_order":11,"comment_status":"closed","ping_status":"closed","template":"elementor_header_footer","meta":{"zakra_page_container_layout":"customizer","zakra_page_sidebar_layout":"customizer","zakra_remove_content_margin":false,"zakra_sidebar":"customizer","zakra_transparent_header":"customizer","zakra_logo":0,"zakra_main_header_style":"default","zakra_menu_item_color":null,"zakra_menu_item_hover_color":"","zakra_menu_item_active_color":"","zakra_menu_active_style":"","zakra_page_header":true,"footnotes":""},"class_list":["post-6966","page","type-page","status-publish","hentry"],"yoast_head":"<!-- This site is optimized with the Yoast SEO plugin v27.4 - https:\/\/yoast.com\/product\/yoast-seo-wordpress\/ -->\n<title>Nowy Rok 2023 - jak go dobrze zacz\u0105\u0107? - PROPER VIA<\/title>\n<meta name=\"robots\" content=\"index, follow, max-snippet:-1, max-image-preview:large, max-video-preview:-1\" \/>\n<link rel=\"canonical\" href=\"https:\/\/propervia.pl\/?page_id=6966\" \/>\n<meta property=\"og:locale\" content=\"pl_PL\" \/>\n<meta property=\"og:type\" content=\"article\" \/>\n<meta property=\"og:title\" content=\"Nowy Rok 2023 - jak go dobrze zacz\u0105\u0107? - PROPER VIA\" \/>\n<meta property=\"og:description\" content=\"Nowy Rok 2023 &#8211; jak go dobrze zacz\u0105\u0107? Jak sprawi\u0107, aby frustracja z przesz\u0142o\u015bci nie prze\u0142o\u017cy\u0142a si\u0119 na przysz\u0142o\u015b\u0107?\u00a0Innymi s\u0142owy, jak zako\u0144czy\u0107 jeden etap z satysfakcj\u0105 i i\u015b\u0107 dalej bez baga\u017cu pora\u017cki? Celowo na koniec roku, aby u\u0142atwi\u0107 Ci zamkni\u0119cie minionego roku z refleksj\u0105 a nie z narzekaniem i niezadowoleniem, \u017ce znowu co\u015b posz\u0142o nie [&hellip;]\" \/>\n<meta property=\"og:url\" content=\"https:\/\/propervia.pl\/?page_id=6966\" \/>\n<meta property=\"og:site_name\" content=\"PROPER VIA\" \/>\n<meta property=\"article:modified_time\" content=\"2023-11-05T19:54:10+00:00\" \/>\n<meta property=\"og:image\" content=\"https:\/\/propervia.pl\/wp-content\/uploads\/2022\/11\/warsztaty_noworoczne_ulotka-strona-1.png\" \/>\n<meta name=\"twitter:card\" content=\"summary_large_image\" \/>\n<meta name=\"twitter:label1\" content=\"Szacowany czas czytania\" \/>\n\t<meta name=\"twitter:data1\" content=\"2 minuty\" \/>\n<script type=\"application\/ld+json\" class=\"yoast-schema-graph\">{\"@context\":\"https:\\\/\\\/schema.org\",\"@graph\":[{\"@type\":\"WebPage\",\"@id\":\"https:\\\/\\\/propervia.pl\\\/?page_id=6966\",\"url\":\"https:\\\/\\\/propervia.pl\\\/?page_id=6966\",\"name\":\"Nowy Rok 2023 - jak go dobrze zacz\u0105\u0107? - PROPER VIA\",\"isPartOf\":{\"@id\":\"https:\\\/\\\/propervia.pl\\\/#website\"},\"primaryImageOfPage\":{\"@id\":\"https:\\\/\\\/propervia.pl\\\/?page_id=6966#primaryimage\"},\"image\":{\"@id\":\"https:\\\/\\\/propervia.pl\\\/?page_id=6966#primaryimage\"},\"thumbnailUrl\":\"https:\\\/\\\/propervia.pl\\\/wp-content\\\/uploads\\\/2022\\\/11\\\/warsztaty_noworoczne_ulotka-strona-1.png\",\"datePublished\":\"2022-11-27T14:42:43+00:00\",\"dateModified\":\"2023-11-05T19:54:10+00:00\",\"breadcrumb\":{\"@id\":\"https:\\\/\\\/propervia.pl\\\/?page_id=6966#breadcrumb\"},\"inLanguage\":\"pl-PL\",\"potentialAction\":[{\"@type\":\"ReadAction\",\"target\":[\"https:\\\/\\\/propervia.pl\\\/?page_id=6966\"]}]},{\"@type\":\"ImageObject\",\"inLanguage\":\"pl-PL\",\"@id\":\"https:\\\/\\\/propervia.pl\\\/?page_id=6966#primaryimage\",\"url\":\"https:\\\/\\\/propervia.pl\\\/wp-content\\\/uploads\\\/2022\\\/11\\\/warsztaty_noworoczne_ulotka-strona-1.png\",\"contentUrl\":\"https:\\\/\\\/propervia.pl\\\/wp-content\\\/uploads\\\/2022\\\/11\\\/warsztaty_noworoczne_ulotka-strona-1.png\",\"width\":1240,\"height\":1240},{\"@type\":\"BreadcrumbList\",\"@id\":\"https:\\\/\\\/propervia.pl\\\/?page_id=6966#breadcrumb\",\"itemListElement\":[{\"@type\":\"ListItem\",\"position\":1,\"name\":\"Home\",\"item\":\"https:\\\/\\\/propervia.pl\\\/\"},{\"@type\":\"ListItem\",\"position\":2,\"name\":\"Jak pomagamy?\",\"item\":\"https:\\\/\\\/propervia.pl\\\/?page_id=30\"},{\"@type\":\"ListItem\",\"position\":3,\"name\":\"Nasze projekty\",\"item\":\"https:\\\/\\\/propervia.pl\\\/?page_id=42\"},{\"@type\":\"ListItem\",\"position\":4,\"name\":\"Projekty zrealizowane\",\"item\":\"https:\\\/\\\/propervia.pl\\\/?page_id=4462\"},{\"@type\":\"ListItem\",\"position\":5,\"name\":\"Nowy Rok 2023 &#8211; jak go dobrze zacz\u0105\u0107?\"}]},{\"@type\":\"WebSite\",\"@id\":\"https:\\\/\\\/propervia.pl\\\/#website\",\"url\":\"https:\\\/\\\/propervia.pl\\\/\",\"name\":\"PROPER VIA\",\"description\":\"Fundacja wsparcia i pomocy psychologicznej\",\"publisher\":{\"@id\":\"https:\\\/\\\/propervia.pl\\\/#organization\"},\"potentialAction\":[{\"@type\":\"SearchAction\",\"target\":{\"@type\":\"EntryPoint\",\"urlTemplate\":\"https:\\\/\\\/propervia.pl\\\/?s={search_term_string}\"},\"query-input\":{\"@type\":\"PropertyValueSpecification\",\"valueRequired\":true,\"valueName\":\"search_term_string\"}}],\"inLanguage\":\"pl-PL\"},{\"@type\":\"Organization\",\"@id\":\"https:\\\/\\\/propervia.pl\\\/#organization\",\"name\":\"Propervia.pl\",\"url\":\"https:\\\/\\\/propervia.pl\\\/\",\"logo\":{\"@type\":\"ImageObject\",\"inLanguage\":\"pl-PL\",\"@id\":\"https:\\\/\\\/propervia.pl\\\/#\\\/schema\\\/logo\\\/image\\\/\",\"url\":\"https:\\\/\\\/propervia.pl\\\/wp-content\\\/uploads\\\/2022\\\/03\\\/logo.jpg\",\"contentUrl\":\"https:\\\/\\\/propervia.pl\\\/wp-content\\\/uploads\\\/2022\\\/03\\\/logo.jpg\",\"width\":319,\"height\":252,\"caption\":\"Propervia.pl\"},\"image\":{\"@id\":\"https:\\\/\\\/propervia.pl\\\/#\\\/schema\\\/logo\\\/image\\\/\"}}]}<\/script>\n<!-- \/ Yoast SEO plugin. -->","yoast_head_json":{"title":"Nowy Rok 2023 - jak go dobrze zacz\u0105\u0107? - PROPER VIA","robots":{"index":"index","follow":"follow","max-snippet":"max-snippet:-1","max-image-preview":"max-image-preview:large","max-video-preview":"max-video-preview:-1"},"canonical":"https:\/\/propervia.pl\/?page_id=6966","og_locale":"pl_PL","og_type":"article","og_title":"Nowy Rok 2023 - jak go dobrze zacz\u0105\u0107? - PROPER VIA","og_description":"Nowy Rok 2023 &#8211; jak go dobrze zacz\u0105\u0107? Jak sprawi\u0107, aby frustracja z przesz\u0142o\u015bci nie prze\u0142o\u017cy\u0142a si\u0119 na przysz\u0142o\u015b\u0107?\u00a0Innymi s\u0142owy, jak zako\u0144czy\u0107 jeden etap z satysfakcj\u0105 i i\u015b\u0107 dalej bez baga\u017cu pora\u017cki? Celowo na koniec roku, aby u\u0142atwi\u0107 Ci zamkni\u0119cie minionego roku z refleksj\u0105 a nie z narzekaniem i niezadowoleniem, \u017ce znowu co\u015b posz\u0142o nie [&hellip;]","og_url":"https:\/\/propervia.pl\/?page_id=6966","og_site_name":"PROPER VIA","article_modified_time":"2023-11-05T19:54:10+00:00","og_image":[{"url":"https:\/\/propervia.pl\/wp-content\/uploads\/2022\/11\/warsztaty_noworoczne_ulotka-strona-1.png","type":"","width":"","height":""}],"twitter_card":"summary_large_image","twitter_misc":{"Szacowany czas czytania":"2 minuty"},"schema":{"@context":"https:\/\/schema.org","@graph":[{"@type":"WebPage","@id":"https:\/\/propervia.pl\/?page_id=6966","url":"https:\/\/propervia.pl\/?page_id=6966","name":"Nowy Rok 2023 - jak go dobrze zacz\u0105\u0107? - PROPER VIA","isPartOf":{"@id":"https:\/\/propervia.pl\/#website"},"primaryImageOfPage":{"@id":"https:\/\/propervia.pl\/?page_id=6966#primaryimage"},"image":{"@id":"https:\/\/propervia.pl\/?page_id=6966#primaryimage"},"thumbnailUrl":"https:\/\/propervia.pl\/wp-content\/uploads\/2022\/11\/warsztaty_noworoczne_ulotka-strona-1.png","datePublished":"2022-11-27T14:42:43+00:00","dateModified":"2023-11-05T19:54:10+00:00","breadcrumb":{"@id":"https:\/\/propervia.pl\/?page_id=6966#breadcrumb"},"inLanguage":"pl-PL","potentialAction":[{"@type":"ReadAction","target":["https:\/\/propervia.pl\/?page_id=6966"]}]},{"@type":"ImageObject","inLanguage":"pl-PL","@id":"https:\/\/propervia.pl\/?page_id=6966#primaryimage","url":"https:\/\/propervia.pl\/wp-content\/uploads\/2022\/11\/warsztaty_noworoczne_ulotka-strona-1.png","contentUrl":"https:\/\/propervia.pl\/wp-content\/uploads\/2022\/11\/warsztaty_noworoczne_ulotka-strona-1.png","width":1240,"height":1240},{"@type":"BreadcrumbList","@id":"https:\/\/propervia.pl\/?page_id=6966#breadcrumb","itemListElement":[{"@type":"ListItem","position":1,"name":"Home","item":"https:\/\/propervia.pl\/"},{"@type":"ListItem","position":2,"name":"Jak pomagamy?","item":"https:\/\/propervia.pl\/?page_id=30"},{"@type":"ListItem","position":3,"name":"Nasze projekty","item":"https:\/\/propervia.pl\/?page_id=42"},{"@type":"ListItem","position":4,"name":"Projekty zrealizowane","item":"https:\/\/propervia.pl\/?page_id=4462"},{"@type":"ListItem","position":5,"name":"Nowy Rok 2023 &#8211; jak go dobrze zacz\u0105\u0107?"}]},{"@type":"WebSite","@id":"https:\/\/propervia.pl\/#website","url":"https:\/\/propervia.pl\/","name":"PROPER VIA","description":"Fundacja wsparcia i pomocy psychologicznej","publisher":{"@id":"https:\/\/propervia.pl\/#organization"},"potentialAction":[{"@type":"SearchAction","target":{"@type":"EntryPoint","urlTemplate":"https:\/\/propervia.pl\/?s={search_term_string}"},"query-input":{"@type":"PropertyValueSpecification","valueRequired":true,"valueName":"search_term_string"}}],"inLanguage":"pl-PL"},{"@type":"Organization","@id":"https:\/\/propervia.pl\/#organization","name":"Propervia.pl","url":"https:\/\/propervia.pl\/","logo":{"@type":"ImageObject","inLanguage":"pl-PL","@id":"https:\/\/propervia.pl\/#\/schema\/logo\/image\/","url":"https:\/\/propervia.pl\/wp-content\/uploads\/2022\/03\/logo.jpg","contentUrl":"https:\/\/propervia.pl\/wp-content\/uploads\/2022\/03\/logo.jpg","width":319,"height":252,"caption":"Propervia.pl"},"image":{"@id":"https:\/\/propervia.pl\/#\/schema\/logo\/image\/"}}]}},"rttpg_featured_image_url":null,"rttpg_author":{"display_name":"admin","author_link":"https:\/\/propervia.pl\/?author=1"},"rttpg_comment":0,"rttpg_category":null,"rttpg_excerpt":"Nowy Rok 2023 &#8211; jak go dobrze zacz\u0105\u0107? Jak sprawi\u0107, aby frustracja z przesz\u0142o\u015bci nie prze\u0142o\u017cy\u0142a si\u0119 na przysz\u0142o\u015b\u0107?\u00a0Innymi s\u0142owy, jak zako\u0144czy\u0107 jeden etap z satysfakcj\u0105 i i\u015b\u0107 dalej bez baga\u017cu pora\u017cki? Celowo na koniec roku, aby u\u0142atwi\u0107 Ci zamkni\u0119cie minionego roku z refleksj\u0105 a nie z narzekaniem i niezadowoleniem, \u017ce znowu co\u015b posz\u0142o nie&hellip;","_links":{"self":[{"href":"https:\/\/propervia.pl\/index.php?rest_route=\/wp\/v2\/pages\/6966","targetHints":{"allow":["GET"]}}],"collection":[{"href":"https:\/\/propervia.pl\/index.php?rest_route=\/wp\/v2\/pages"}],"about":[{"href":"https:\/\/propervia.pl\/index.php?rest_route=\/wp\/v2\/types\/page"}],"author":[{"embeddable":true,"href":"https:\/\/propervia.pl\/index.php?rest_route=\/wp\/v2\/users\/1"}],"replies":[{"embeddable":true,"href":"https:\/\/propervia.pl\/index.php?rest_route=%2Fwp%2Fv2%2Fcomments&post=6966"}],"version-history":[{"count":18,"href":"https:\/\/propervia.pl\/index.php?rest_route=\/wp\/v2\/pages\/6966\/revisions"}],"predecessor-version":[{"id":7125,"href":"https:\/\/propervia.pl\/index.php?rest_route=\/wp\/v2\/pages\/6966\/revisions\/7125"}],"up":[{"embeddable":true,"href":"https:\/\/propervia.pl\/index.php?rest_route=\/wp\/v2\/pages\/4462"}],"wp:attachment":[{"href":"https:\/\/propervia.pl\/index.php?rest_route=%2Fwp%2Fv2%2Fmedia&parent=6966"}],"curies":[{"name":"wp","href":"https:\/\/api.w.org\/{rel}","templated":true}]}}